te u(-5).
-24
Let p(d) = 3*d + 3 + d**2 - 6*d - 3*d**2. Suppose 5 = -2*f + 5*f - 2*l, f - 5 = -l. Suppose f*b = 5*b + 6. Calculate p(b).
-6
Let l(x) be the third derivative of x**5/60 - x**4/3 + 3*x**3/2 - 2*x**2 + 9. Determine l(7).
2
Let l be (-1 - -5 - 4)/2. Let w(g) be the first derivative of g**5/120 - 5*g**4/24 + g**3/3 - 1. Let k(t) be the third derivative of w(t). Determine k(l).
-5
Let n(h) = -2*h. Let k be n(-2). Let s(b) = -b - 5. Let u(w) = w + 10. Suppose -5*p + 15 = -2*p. Let a(o) = p*s(o) + 3*u(o). Calculate a(k).
-3
Let f(h) be the second derivative of 0*h**4 + 1/60*h**5 + 3*h - 5/3*h**3 + 0 - 2*h**2. Let g(z) be the first derivative of f(z). Determine g(0).
-10
Let f(s) = s**2 + 0*s**2 + 1 - 7 - 2*s. Let c(v) = 2*v**2 - v + 1. Let q be c(1). Let g be q + (-6)/((-6)/3). Calculate f(g).
9
Suppose -4*p = 1 + 3. Let y(i) = -i. Let h(f) = -f**2 + 4*f + 3. Let q(s) = p*h(s) - 5*y(s). Give q(-4).
9
Let c be ((-3 + 3)*-1)/3. Suppose c*b + b = 3. Let n(y) = y**3 - 5*y**2 + 4*y + 1. Determine n(b).
-5
Suppose -g - v + 7 = 3*v, -g + 4*v = 1. Suppose g*c + y = 15, 5*y + 2 = 3*c + 5. Let h(d) = -2*d - 1. Determine h(c).
-9
Let a(o) = o + 1. Let r(d) be the second derivative of d**5/20 - d**4/2 - 4*d**3/3 + 4*d**2 - d. Let n be r(7). Let l = n + 2. Calculate a(l).
4
Let o(l) = 2*l - 1. Let c(k) = -9*k + 5. Let p(d) = c(d) + 4*o(d). Determine p(2).
-1
Let t(c) = c**2 + 10*c. Let r(b) = b - 1. Let x(k) = k**3 - 3*k**2. Let m be x(3). Let w = -4 - m. Let d(g) = w*r(g) + t(g). Calculate d(-5).
-1
Let k = -46 + 67. Let c(x) = x + 22 - x - k - 16*x**2. Calculate c(-1).
-15
Let k(w) = 4*w**3 - w**2 + w. Let r be k(1). Let i(u) = 5*u**2 - 5*u + 2. Let s(o) = o**2. Let x(p) = i(p) - 4*s(p). Determine x(r).
-2
Let l(c) = -c**3 + 4*c**2 - 4*c + 3. Let b(i) = i**3 + 5*i**2 - 7*i - 4. Let z be b(-6). Suppose -z*p = -2 - 2. Let a be (p + -3)*-1*2. Give l(a).
3
Let q be 3*(-2)/(-3) + 3. Let n = -7 - -12. Let x(a) = -a + n - 4*a - 4*a**2 - 2 + a**3. What is x(q)?
3
Let c(z) = -3 + 2 - 1 - 5*z - 1. Let x(y) = -4*y - 4. Let i(b) = 2*c(b) - 3*x(b). What is i(-4)?
-2
Let q be 2/4*-4 - 2. Let l(o) = o**3 + 4*o**2 + 2*o - 3. What is l(q)?
-11
Let u(b) = -5*b + 1. Let k(y) = -59*y - 11. Let v(z) = -20*z - 4. Let j(f) = -6*k(f) + 17*v(f). Let i(a) = 4*j(a) + 11*u(a). Determine i(-2).
1
Let o(u) = 4 + 4 - 2 - 3 + 2*u. Calculate o(-3).
-3
Let j(s) = -s - 1. Let n be j(5). Let g(f) = -f**2 + 7*f - 3. Let b(m) = -2*m**2 + 7*m - 3. Let q be (2/(-1))/(-2) - -2. Let w(h) = q*g(h) - 2*b(h). Give w(n).
-9
Let r(c) = -c**3 - 8*c**2 - 4*c + 3. Let z(t) = -8*t + 1. Let y be z(1). Determine r(y).
-18
Suppose -5*v = 3*n + 8, v = -5*n + 4*v + 32. Let y(t) be the second derivative of -n*t + 0*t**2 - 1/2*t**3 + 1/12*t**4 + 0. Determine y(4).
4
Let p(s) = -3*s - 1. Suppose -4*l = -l + 6. Determine p(l).
5
Let j(c) = 7*c**2 + 7*c**3 + 6*c - 2*c**2 - 4 + 2*c - 8*c**3. Give j(6).
8
Let q = 3 + -2. Let v(m) = -m. Let w(t) = -t. Let p(c) = 7*v(c) - 5*w(c). Give p(q).
-2
Let x(i) = -28*i**3 + 10*i**2 + 15*i**3 + 12*i**3 + 2*i - 10*i - 10. What is x(9)?
-1
Suppose 0 = 4*d + d - v - 13, d + 2*v - 7 = 0. Let l(m) = -m**3 + 2 - 12*m + 12*m - m**2 + d. What is l(0)?
5
Let n(y) = 4*y + 10. Let b = 19 + -26. Give n(b).
-18
Let z(o) = 3*o + o - 5*o - 4. Let x(p) = -p + 8. Let w be x(8). Suppose 4*r + v = r - 11, 5*r + 5*v + 5 = w. Calculate z(r).
1
Let x(r) = 6*r**2 - 4*r - 1. Let q(s) = 3*s**2 - 2*s. Let m(j) = 5*q(j) - 3*x(j). Let h(i) = 2*i**2 - 2*i - 2. Let f(l) = 4*h(l) + 3*m(l). Determine f(-4).
-7
Let a(v) = v**2 + 3*v + 4. Let m(w) = -2*w**2 - 13*w + 19. Let z be m(-8). Give a(z).
14
Let g(y) be the first derivative of -y**4/4 + y**3/3 + y**2/2 + 21. Calculate g(-1).
1
Let d(j) = 3*j**2 - 5*j + 2. Suppose -6*k + 8*k = 6. Determine d(k).
14
Suppose 0 = 3*p + 14 - 5. Let d(v) = v**3 + 5*v**2 + 2*v - 4. Calculate d(p).
8
Let i(u) = u**2 - 3*u + 5. Suppose 3*v - 6 = q + 5*v, 3*v - 1 = -4*q. What is i(q)?
9
Suppose -5*l + 4*y + 9 = 0, -4*l - 2*y = 2 - 4. Let v(h) = -3*h**2 - 3*h - 2. Let f(n) = 7*n**2 + 7*n + 5. Let b(s) = -2*f(s) - 5*v(s). Calculate b(l).
2
Suppose -3*z = -o - 60, -7*z + 100 = -2*z + 2*o. Suppose -g - 3*g = z. Let a(n) = n**2 + 8*n + 5. Calculate a(g).
-10
Let b(i) = -i**3 - i**2 + i. Let m be b(0). Let l be 2/(-9) - 2/(-9). Let o(f) = -1 - 3 + f + l. What is o(m)?
-4
Let f(i) be the first derivative of 3*i**2/2 + 3*i + 3. Let g be 11/(-4) + (-1)/4. Calculate f(g).
-6
Let d(z) be the third derivative of -z**5/60 + 5*z**4/24 - z**3/2 + 10*z**2. Give d(5).
-3
Let h(q) be the second derivative of -q**5/10 - q**4/6 - q**3/6 + q**2 - 4*q. Let b = 3 + -5. Determine h(b).
12
Let f be (-44)/(-33) + (-4)/(-6). Let i(w) = 2*w**2 - 2*w - 1. Calculate i(f).
3
Let x(j) = -j. Let y(f) = 2. Let n(p) = 1. Let w(i) = -5*n(i) + 2*y(i). Let k(t) = -3*w(t) + 2*x(t). Calculate k(4).
-5
Let h(z) be the third derivative of -1/24*z**4 - 3*z**2 + 0 + 0*z - 1/6*z**3. Determine h(-3).
2
Let l(m) = -2*m**3 - 3*m**2. Let x(i) = -i + 2. Let z be x(3). Let b be -5 - 1/(z/3). What is l(b)?
4
Let c be 2/(-5) + 54/10. Let p(t) = 7*t**2 - t - 14. Let z(y) = 3*y**2 - y - 7. Let x = -8 - -3. Let h(b) = x*z(b) + 2*p(b). What is h(c)?
-3
Suppose 0 = 108*w - 113*w + 70. Let a(b) = b - 15. Give a(w).
-1
Let d(y) = y**2 - 3*y - 5. Suppose -4*p + 3*c = -0*c + 43, -10 = -2*c. Let r = p + 11. Give d(r).
-1
Suppose 3*w = 2*n - 13, -3*n + 0*w + 17 = -2*w. Let u(a) = a - 3. Give u(n).
2
Let n = 12 + -10. Let x(l) = -2 + l**2 + 0*l**2 - 2*l + l**n. What is x(-2)?
10
Let u be 3/(-2 - (-35)/10). Let k(r) = -3*r**2 + 2. Calculate k(u).
-10
Let v(h) = -5*h**3 + 7*h - 7*h**2 + 4*h**3 + 6 - 1 - 6. Determine v(-8).
7
Let o(r) = 11*r**3 + 2*r**2 - 17*r - 17. Let l(k) = -4*k**3 - k**2 + 6*k + 6. Let n(p) = -8*l(p) - 3*o(p). Give n(3).
3
Let x(p) = 4*p - 3. Let s be x(7). Suppose 0*g = 5*g + s. Let w(r) = r**3 + 6*r**2 + 4*r + 3. Calculate w(g).
8
Let z(y) be the first derivative of y**2/2 - 3*y - 3. Let f be z(3). Let u(k) = -k - 2. Calculate u(f).
-2
Let p = 2 + 1. Suppose z = -2*k + 1, -z = p*k - 3*z + 16. Let v be (k - (-3)/1)*-6. Let b(s) = s + 5. Calculate b(v).
-1
Let s(k) = -k. Let c be 16/6 + (-4)/6. Suppose c*d = 4*o + 16, -3*o - 25 = 5*d - 0. Give s(o).
5
Let g(c) be the first derivative of 0*c + 1/2*c**2 + 0*c**3 + 2 - 1/24*c**4. Let d(h) be the second derivative of g(h). What is d(3)?
-3
Let q(i) = 3*i**3 + i**2 - i. Suppose -6*k = -3*k - 3. Determine q(k).
3
Let h(x) = x - 12. Let p(v) = -v + 13. Let j(q) = -2*h(q) - 3*p(q). Give j(0).
-15
Let o = 154 + -149. Let j(x) = -x + 6. Give j(o).
1
Let i(t) be the third derivative of -t**4/24 - 2*t**3/3 - 21*t**2. Let q be ((-4)/(-3))/(2/6). Calculate i(q).
-8
Let t be 8/6*15/10. Let u be 0/3*(-2)/t. Let m(a) = -1 - 2*a + u - 5*a. Determine m(-1).
6
Let x(c) = c - 15. Let q(s) = -s - 5. Let y be q(-5). What is x(y)?
-15
Let l(i) = 13*i**2 + i + 9. Let v(a) = -20*a**2 - a - 14. Let n(w) = 8*l(w) + 5*v(w). What is n(-2)?
12
Let h(o) = o**3 - o**2 - 4*o + 3. Let w be (-238)/(-5) - (-6)/(-10). Let z be (-2)/15 - w/(-15). What is h(z)?
9
Let k(w) = w**3 + 8*w**2 - w + 2. Suppose -i = -2*i - 8. Give k(i).
10
Let g(o) = -o**2 + 1. Let w(r) = -6*r**2 + 11. Let h(l) = 5*g(l) - w(l). Calculate h(0).
-6
Let w(z) = 2 + z + 5 + 1. Suppose -5*u = -25, 4*m + 2*u = -3*u + 25. Calculate w(m).
8
Let h(i) = -9*i**3 + 4*i**2 + 2*i + 4. Let m(q) = 18*q**3 - 7*q**2 - 4*q - 7. Let d(y) = -5*h(y) - 3*m(y). What is d(-1)?
9
Let l = -22 - -17. Let j = l + 2. Let c(h) be the first derivative of h**3/3 + 3*h**2/2 - 2*h - 2. What is c(j)?
-2
Let g(y) = 3 - 3*y**2 - 5*y + y**2 + 2*y + y. Calculate g(-3).
-9
Let y(t) be the third derivative of -t**5/120 + 3*t**4/8 - t**3/6 - 2*t**2. Let c(d) be the first derivative of y(d). Give c(5).
4
Let a be 5/(-50)*4*-5. Let t(d) be the second derivative of 2/3*d**3 + 0 - 3*d - 1/12*d**4 + a*d**2. Calculate t(4).
4
Let h(x) = 9*x + 1. Suppose -5*j + 21 = -2*j. Let r = -8 + j. What is h(r)?
-8
Let z(y) = -2 - 6*y - 7 + 3 + 5*y. Calculate z(5).
-11
Let m(w) = -w**3 + 3*w - 2. Let o be (3 + 0)*(-2)/(-3). Give m(o).
-4
Suppose -5*u - 2*h = 21, u - 5*h - 30 = 6*u. Let c(l) be the second derivative of -l**3/6 - 3*l**2/2 - 2*l. Give c(u).
0
Suppose -y = -2*z - 2*z - 15, 